prime?
False
Is 9159823 prime?
True
Is 3831211 prime?
False
Is 4063303 prime?
False
Is 79264231 a composite number?
True
Is 31995469 composite?
True
Is 949294 composite?
True
Is 2462617 a prime number?
True
Is 10814149 prime?
True
Is 172434707 prime?
True
Is 3945287 a composite number?
False
Is 4019153 a composite number?
False
Is 33511834 composite?
True
Is 278566943 a composite number?
True
Is 2211049 a composite number?
True
Is 36378401 a composite number?
False
Is 2500289 prime?
False
Is 314729413 composite?
True
Is 6697399 composite?
False
Is 1703203 composite?
False
Is 3594793 a composite number?
False
Is 10684127 a prime number?
True
Is 212482553 a prime number?
False
Is 102647329 prime?
False
Is 440364931 a prime number?
False
Is 324673 composite?
False
Is 45824279 a prime number?
True
Is 54431519 prime?
True
Is 169151767 a composite number?
False
Is 17015651 composite?
True
Is 132018079 composite?
True
Is 20129287 a prime number?
True
Is 24139241 composite?
True
Is 16678087 prime?
False
Is 2736439 a composite number?
True
Is 13166743 composite?
True
Is 333647 a composite number?
False
Is 8176085 a composite number?
True
Is 172599319 a composite number?
False
Is 8447627 composite?
False
Is 16953799 a prime number?
False
Is 10532923 a composite number?
False
Is 1591441 a composite number?
False
Is 60569899 prime?
False
Is 88187 a prime number?
False
Is 6757259 a prime number?
False
Is 153119 prime?
False
Is 47161 prime?
True
Is 885529 a composite number?
False
Is 36080897 a composite number?
False
Is 1273553 a prime number?
False
Is 22512905 a composite number?
True
Is 305689523 composite?
True
Is 81289399 a composite number?
True
Is 173647 composite?
False
Is 55107769 composite?
False
Is 43724407 a composite number?
True
Is 927961 a composite number?
False
Is 2870017 prime?
True
Is 13383031 composite?
True
Is 254977689 a composite number?
True
Is 14460139 a composite number?
True
Is 3364037 prime?
True
Is 10386067 a composite number?
False
Is 5976863 a prime number?
False
Is 8528083 a composite number?
True
Is 33056197 prime?
False
Is 10215211 a prime number?
True
Is 474445507 a prime number?
False
Is 697249 a composite number?
True
Is 810421751 composite?
False
Is 4491341 prime?
True
Is 8793431 a composite number?
False
Is 5297522 composite?
True
Is 4935527 a composite number?
True
Is 294521 a composite number?
True
Is 91732555 prime?
False
Is 67405361 a composite number?
False
Is 18080749 prime?
False
Is 70348011 composite?
True
Is 17403199 prime?
False
Is 6515791 composite?
False
Is 5302439 a prime number?
True
Is 311141 a composite number?
True
Is 23306951 composite?
False
Is 170886655 a composite number?
True
Is 3718973 a composite number?
True
Is 13231891 a composite number?
False
Is 6668427 composite?
True
Is 24913867 a composite number?
True
Is 18708421 a prime number?
False
Is 4944973 a composite number?
True
Is 800893 a prime number?
False
Is 155063 prime?
False
Is 130957691 prime?
False
Is 946487 composite?
False
Is 1761259 prime?
False
Is 11141503 a composite number?
False
Is 15928565 composite?
True
Is 1345441 a composite number?
False
Is 3722567 composite?
False
Is 6329963 prime?
True
Is 152511017 composite?
True
Is 1084051 a prime number?
True
Is 187569743 a composite number?
False
Is 545996609 composite?
True
Is 307669 a composite number?
False
Is 27824177 a prime number?
True
Is 3793987 composite?
True
Is 186103 prime?
True
Is 7969901 a prime number?
True
Is 577970447 prime?
True
Is 745369 a composite number?
False
Is 367710197 composite?
False
Is 617034037 prime?
False
Is 36934357 prime?
True
Is 126255949 a prime number?
True
Is 5131199 prime?
True
Is 44779453 a prime number?
True
Is 29370653 composite?
True
Is 5050033 a composite number?
False
Is 31498627 composite?
True
Is 4975177 composite?
False
Is 12973201 a prime number?
True
Is 130362469 a prime number?
True
Is 23404049 a prime number?
True
Is 59786497 composite?
False
Is 39078887 composite?
False
Is 4673129 composite?
True
Is 34818254 prime?
False
Is 1249753 composite?
True
Is 29763397 prime?
True
Is 7144979 a composite number?
False
Is 129848627 a composite number?
True
Is 1519157 prime?
False
Is 14743939 composite?
True
Is 4902527 prime?
False
Is 3487553 prime?
False
Is 418017311 a prime number?
True
Is 82773655 a prime number?
False
Is 52512349 prime?
False
Is 30112861 composite?
True
Is 4036909 composite?
False
Is 16636079 prime?
False
Is 150943579 prime?
False
Is 5014249 composite?
False
Is 91053623 prime?
True
Is 5346529 a prime number?
False
Is 86381 a prime number?
True
Is 4631779 a prime number?
False
Is 13768781 a prime number?
False
Is 16827043 composite?
False
Is 6905263 composite?
False
Is 69824659 a composite number?
True
Is 3175259 prime?
True
Is 4872571 a prime number?
False
Is 100847303 a prime number?
True
Is 170627 a prime number?
True
Is 11870363 composite?
False
Is 58144661 a prime number?
True
Is 23716187 a composite number?
True
Is 31803479 composite?
False
Is 70502267 a prime number?
False
Is 308021579 a prime number?
False
Is 96238397 composite?
True
Is 41011265 a prime number?
False
Is 2512501 prime?
True
Is 6370411 a composite number?
False
Is 122310721 a composite number?
True
Is 30228134 a prime number?
False
Is 75754103 prime?
False
Is 66545 a prime number?
False
Is 1893721 a composite number?
True
Is 55197379 a composite number?
True
Is 13482827 prime?
True
Is 3735181 prime?
True
Is 342679919 prime?
True
Is 58926749 a composite number?
True
Is 5777111 a composite number?
False
Is 288647 composite?
False
Is 839087 composite?
False
Is 161144869 prime?
True
Is 103879297 a prime number?
True
Is 12303017 a prime number?
True
Is 48054907 prime?
True
Is 5151407 a composite number?
False
Is 3374159 composite?
False
Is 33586571 a composite number?
False
Is 1845713 a composite number?
False
Is 38653267 a composite number?
True
Is 4887447 a composite number?
True
Is 6935191 a composite number?
True
Is 26731715 prime?
False
Is 1097907 prime?
False
Is 16349533 a prime number?
False
Is 584882 composite?
True
Is 3446137 prime?
True
Is 3227717 a prime number?
True
Is 11299363 a prime number?
True
Is 6161347 a prime number?
True
Is 39159781 a composite number?
False
Is 20558033 a prime number?
False
Is 114956311 a prime number?
False
Is 1011719 a composite number?
False
Is 204427 a prime number?
True
Is 5084327 prime?
False
Is 4571633 a composite number?
True
Is 16888447 composite?
True
Is 197507 a prime number?
True
Is 1160147 a prime number?
True
Is 49405097 prime?
False
Is 21306473 composite?
False
Is 10195007 a composite number?
True
Is 241403267 composite?
True
Is 13829 a prime number?
True
Is 5878109 a prime number?
True
Is 822737 composite?
True
Is 923773 a prime number?
True
Is 436963 a prime number?
True
Is 3836179 a composite number?
False
Is 7065871 prime?
True
Is 1176361 prime?
True
Is 1735703 a composite number?
False
Is 1164679 composite?
True
Is 228857 prime?
False
Is 13248055 composite?
True
Is 3080431 a composite number?
False
Is 4348523 a prime number?
True
Is 48496637 a prime number?
False
Is 8644499 a composite number?
False
Is 95407313 prime?
True
Is 458453627 a prime number?
False
Is 681362893 composite?
False
Is 179994289 prime?
True
Is 1788917879 prime?
False
Is 5942239 a prime number?
True
Is 9918521 a prime number?
True
Is 6206899 a composite number?
True
Is 13458461 a prime number?
True
Is 1623883 composite?
False
Is 475471 composite?
True
Is 290500103 prime?
True
Is 290959 prime?
True
Is 3066859 prime?
False
Is 5473399 a prime number?
True
Is 3285811 a composite number?
True
Is 175801079 prime?
True
Is 532982831 a composite number?
False
Is 6821663 a composite number?
False
Is 15712793 a composite number?
False
Is 5682433 a composite number?
True
Is 4446227 a composite number?
True
Is 149315327 a prime number?
False
Is 45814357 a prime number?
True
Is 216501249 composite?
True
Is 2341817 prime?
True
Is 49967189 prime?
True
Is 8851517 a composite number?
False
Is 29839195 a prime number?
False
Is 1186655 a prime number?
False
Is 50148941 prime?
True
Is 1072161889 composite?
False
Is 2510971 a composite number?
False
Is 45218429 a prime number?
False
Is 945457 a composite number?
False
Is 127775049 a prime number?
F